{"id":3654,"date":"2016-11-04T10:35:41","date_gmt":"2016-11-04T10:35:41","guid":{"rendered":"http:\/\/158.109.137.58\/criminologia2\/?page_id=3654"},"modified":"2017-11-29T11:20:36","modified_gmt":"2017-11-29T11:20:36","slug":"maria-jesus-guardiola-lago","status":"publish","type":"page","link":"https:\/\/dretpenal.uab.cat\/index.php\/maria-jesus-guardiola-lago\/","title":{"rendered":"Mar\u00eda Jes\u00fas Guardiola Lago"},"content":{"rendered":"<div id='layer_slider_1'  class='avia-layerslider main_color avia-shadow  avia-builder-el-0  el_before_av_heading  avia-builder-el-first  container_wrap sidebar_right'  style='height: 171px; max-width: 1000px; margin: 0 auto;'  ><\/div><div id='after_layer_slider_1'  class='main_color av_default_container_wrap container_wrap sidebar_right'  ><div class='container av-section-cont-open' ><div class='template-page content  av-content-small alpha units'><div class='post-entry post-entry-type-page post-entry-3654'><div class='entry-content-wrapper clearfix'>\n\n<style type=\"text\/css\" data-created_by=\"avia_inline_auto\" id=\"style-css-av-av_heading-72e52dd6e9d8a4f0f515a6d756f0e4cd\">\n#top .av-special-heading.av-av_heading-72e52dd6e9d8a4f0f515a6d756f0e4cd{\npadding-bottom:10px;\n}\nbody .av-special-heading.av-av_heading-72e52dd6e9d8a4f0f515a6d756f0e4cd .av-special-heading-tag .heading-char{\nfont-size:25px;\n}\n.av-special-heading.av-av_heading-72e52dd6e9d8a4f0f515a6d756f0e4cd .av-subheading{\nfont-size:15px;\n}\n<\/style>\n<div  class='av-special-heading av-av_heading-72e52dd6e9d8a4f0f515a6d756f0e4cd av-special-heading-h3  avia-builder-el-1  el_after_av_layerslider  el_before_av_textblock  avia-builder-el-first '><h3 class='av-special-heading-tag'  itemprop=\"headline\"  >Mar\u00eda Jes\u00fas Guardiola Lago<\/h3><div class=\"special-heading-border\"><div class=\"special-heading-inner-border\"><\/div><\/div><\/div>\n<section  class='av_textblock_section av-av_textblock-0366cc7376be6c9e82a3e9cc8987b64f'  itemscope=\"itemscope\" itemtype=\"https:\/\/schema.org\/CreativeWork\" ><div class='avia_textblock'  itemprop=\"text\" ><p>Maria-Jes\u00fas Guardiola Lago es Licenciada en Derecho por la Universidad de Lleida (2000) y Doctora por la misma Universidad (2005), con sendos premios extraordinarios. Desde 2008 desempe\u00f1a su actividad acad\u00e9mica en la Universidad Aut\u00f3noma de Barcelona, en el \u00e1rea de Derecho penal y Criminolog\u00eda. Cuenta con m\u00e1s de 30 publicaciones, entre libros, art\u00edculos y cap\u00edtulos de libro,\u00a0 en\u00a0 materias como:<\/p>\n<ul>\n<li>Trata de personas e inmigraci\u00f3n clandestina<\/li>\n<li>Justicia restaurativa y mediaci\u00f3n penal<\/li>\n<li>Victimolog\u00eda<\/li>\n<li>Medios de comunicaci\u00f3n y garant\u00edas penales<\/li>\n<li>Responsabilidad penal de las personas jur\u00eddicas<\/li>\n<li>Delitos de corrupci\u00f3n entre particulares<\/li>\n<\/ul>\n<p>Ha participado en 6 proyectos I+D+i y ha dirigido o participado en otros 5 proyectos de investigaci\u00f3n competitivos. Ha realizado estancias de investigaci\u00f3n en centros extranjeros, como la <em>Universit\u00e9 de Li\u00e8ge<\/em> (B\u00e9lgica) -durante dos a\u00f1os-, o la <em>Universit\u00e0 degli Studi di Parma<\/em> (Italia). Ha\u00a0 sido Magistrada suplente en la Audiencia Provincial de Tarragona (2006) y en la Audiencia Provincial de Lleida (2012). Forma parte del Equipo de Redacci\u00f3n de la <em>Revista de Victimolog\u00eda<\/em> y del Consejo de Redacci\u00f3n de la <em>Revista General de Derecho Penal<\/em>, ambas desde su creaci\u00f3n.<\/p>\n<p><a href=\"mailto:mariajesus.guardiola@uab.cat\">Mariajesus.Guardiola@uab.cat<\/a><\/p>\n<p><a href=\"https:\/\/www.researchgate.net\/profile\/Maria_Jesus_Guardiola\" target=\"_blank\" rel=\"noopener\">Research gate<\/a><\/p>\n<\/div><\/section>\n","protected":false},"excerpt":{"rendered":"","protected":false},"author":4,"featured_media":3610,"parent":0,"menu_order":0,"comment_status":"closed","ping_status":"closed","template":"","meta":{"footnotes":""},"class_list":["post-3654","page","type-page","status-publish","has-post-thumbnail","hentry"],"_links":{"self":[{"href":"https:\/\/dretpenal.uab.cat\/index.php\/wp-json\/wp\/v2\/pages\/3654","targetHints":{"allow":["GET"]}}],"collection":[{"href":"https:\/\/dretpenal.uab.cat\/index.php\/wp-json\/wp\/v2\/pages"}],"about":[{"href":"https:\/\/dretpenal.uab.cat\/index.php\/wp-json\/wp\/v2\/types\/page"}],"author":[{"embeddable":true,"href":"https:\/\/dretpenal.uab.cat\/index.php\/wp-json\/wp\/v2\/users\/4"}],"replies":[{"embeddable":true,"href":"https:\/\/dretpenal.uab.cat\/index.php\/wp-json\/wp\/v2\/comments?post=3654"}],"version-history":[{"count":11,"href":"https:\/\/dretpenal.uab.cat\/index.php\/wp-json\/wp\/v2\/pages\/3654\/revisions"}],"predecessor-version":[{"id":4227,"href":"https:\/\/dretpenal.uab.cat\/index.php\/wp-json\/wp\/v2\/pages\/3654\/revisions\/4227"}],"wp:featuredmedia":[{"embeddable":true,"href":"https:\/\/dretpenal.uab.cat\/index.php\/wp-json\/wp\/v2\/media\/3610"}],"wp:attachment":[{"href":"https:\/\/dretpenal.uab.cat\/index.php\/wp-json\/wp\/v2\/media?parent=3654"}],"curies":[{"name":"wp","href":"https:\/\/api.w.org\/{rel}","templated":true}]}}

María Jesús Guardiola Lago

<div id='layer_slider_1'  class='avia-layerslider main_color avia-shadow  avia-builder-el-0  el_before_av_heading  avia-builder-el-first  container_wrap sidebar_right'  style='height: 171px; max-width: 1000px; margin: 0 auto;'  ></div><div id='after_layer_slider_1'  class='main_color av_default_container_wrap container_wrap sidebar_right'  ><div class='container av-section-cont-open' ><div class='template-page content  av-content-small alpha units'><div class='post-entry post-entry-type-page post-entry-3654'><div class='entry-content-wrapper clearfix'>

<style type="text/css" data-created_by="avia_inline_auto" id="style-css-av-av_heading-72e52dd6e9d8a4f0f515a6d756f0e4cd">
#top .av-special-heading.av-av_heading-72e52dd6e9d8a4f0f515a6d756f0e4cd{
padding-bottom:10px;
}
body .av-special-heading.av-av_heading-72e52dd6e9d8a4f0f515a6d756f0e4cd .av-special-heading-tag .heading-char{
font-size:25px;
}
.av-special-heading.av-av_heading-72e52dd6e9d8a4f0f515a6d756f0e4cd .av-subheading{
font-size:15px;
}
</style>
<div  class='av-special-heading av-av_heading-72e52dd6e9d8a4f0f515a6d756f0e4cd av-special-heading-h3  avia-builder-el-1  el_after_av_layerslider  el_before_av_textblock  avia-builder-el-first '><h3 class='av-special-heading-tag'  itemprop="headline"  >María Jesús Guardiola Lago</h3><div class="special-heading-border"><div class="special-heading-inner-border"></div></div></div>
<section  class='av_textblock_section av-av_textblock-0366cc7376be6c9e82a3e9cc8987b64f'  itemscope="itemscope" itemtype="https://schema.org/CreativeWork" ><div class='avia_textblock'  itemprop="text" ><p>Maria-Jesús Guardiola Lago es Licenciada en Derecho por la Universidad de Lleida (2000) y Doctora por la misma Universidad (2005), con sendos premios extraordinarios. Desde 2008 desempeña su actividad académica en la Universidad Autónoma de Barcelona, en el área de Derecho penal y Criminología. Cuenta con más de 30 publicaciones, entre libros, artículos y capítulos de libro,  en  materias como:</p>
<ul>
<li>Trata de personas e inmigración clandestina</li>
<li>Justicia restaurativa y mediación penal</li>
<li>Victimología</li>
<li>Medios de comunicación y garantías penales</li>
<li>Responsabilidad penal de las personas jurídicas</li>
<li>Delitos de corrupción entre particulares</li>
</ul>
<p>Ha participado en 6 proyectos I+D+i y ha dirigido o participado en otros 5 proyectos de investigación competitivos. Ha realizado estancias de investigación en centros extranjeros, como la <em>Université de Liège</em> (Bélgica) -durante dos años-, o la <em>Università degli Studi di Parma</em> (Italia). Ha  sido Magistrada suplente en la Audiencia Provincial de Tarragona (2006) y en la Audiencia Provincial de Lleida (2012). Forma parte del Equipo de Redacción de la <em>Revista de Victimología</em> y del Consejo de Redacción de la <em>Revista General de Derecho Penal</em>, ambas desde su creación.</p>
<p><a href="mailto:mariajesus.guardiola@uab.cat">Mariajesus.Guardiola@uab.cat</a></p>
<p><a href="https://www.researchgate.net/profile/Maria_Jesus_Guardiola" target="_blank" rel="noopener">Research gate</a></p>
</div></section>
