{"id":3643,"date":"2016-11-04T10:29:58","date_gmt":"2016-11-04T10:29:58","guid":{"rendered":"http:\/\/158.109.137.58\/criminologia2\/?page_id=3643"},"modified":"2021-09-14T07:43:31","modified_gmt":"2021-09-14T07:43:31","slug":"maria-jose-cuenca-garcia","status":"publish","type":"page","link":"https:\/\/dretpenal.uab.cat\/index.php\/maria-jose-cuenca-garcia\/","title":{"rendered":"Mar\u00eda Jos\u00e9 Cuenca Garc\u00eda"},"content":{"rendered":"<div id='layer_slider_1'  class='avia-layerslider main_color avia-shadow  avia-builder-el-0  el_before_av_heading  avia-builder-el-first  container_wrap sidebar_right'  style='height: 171px; max-width: 1000px; margin: 0 auto;'  ><\/div><div id='after_layer_slider_1'  class='main_color av_default_container_wrap container_wrap sidebar_right'  ><div class='container av-section-cont-open' ><div class='template-page content  av-content-small alpha units'><div class='post-entry post-entry-type-page post-entry-3643'><div class='entry-content-wrapper clearfix'>\n\n<style type=\"text\/css\" data-created_by=\"avia_inline_auto\" id=\"style-css-av-av_heading-bf0b4a5f958f13990c5f514e6e23b37e\">\n#top .av-special-heading.av-av_heading-bf0b4a5f958f13990c5f514e6e23b37e{\npadding-bottom:10px;\n}\nbody .av-special-heading.av-av_heading-bf0b4a5f958f13990c5f514e6e23b37e .av-special-heading-tag .heading-char{\nfont-size:25px;\n}\n.av-special-heading.av-av_heading-bf0b4a5f958f13990c5f514e6e23b37e .av-subheading{\nfont-size:15px;\n}\n<\/style>\n<div  class='av-special-heading av-av_heading-bf0b4a5f958f13990c5f514e6e23b37e av-special-heading-h3  avia-builder-el-1  el_after_av_layerslider  el_before_av_textblock  avia-builder-el-first '><h3 class='av-special-heading-tag'  itemprop=\"headline\"  >Mar\u00eda Jos\u00e9 Cuenca Garc\u00eda<\/h3><div class=\"special-heading-border\"><div class=\"special-heading-inner-border\"><\/div><\/div><\/div>\n<section  class='av_textblock_section av-av_textblock-0366cc7376be6c9e82a3e9cc8987b64f'  itemscope=\"itemscope\" itemtype=\"https:\/\/schema.org\/CreativeWork\" ><div class='avia_textblock'  itemprop=\"text\" ><p>Doctorada en Derecho por la Universidad Aut\u00f3noma de Barcelona (UAB) con una tesis sobre \u201cLos comportamientos desleales de abogado y procurador\u201d (2002). Realiza labores docentes, de investigaci\u00f3n y de gesti\u00f3n en la UAB, desde 1993. En la actualidad ocupa la plaza de profesora agregada de derecho penal. En sus investigaciones, la mayor\u00eda de ellas adscritas a proyectos I+D+I, se ha centrado en el estudio de la violencia en el \u00e1mbito familiar, prostituci\u00f3n, delitos patrimoniales, la criminalidad organizada, la siniestralidad laboral, delitos contra la vida y la responsabilidad de los partidos pol\u00edticos. En su carrera ha publicado 1 libro, 11 art\u00edculos en revistas especializadas y 9 cap\u00edtulos de libro. Tiene reconocidos dos sexenios de investigaci\u00f3n por la \u201cAg\u00e8ncia per a la Qualitat del Sistema Universitari de Catalunya\u201d (AQU). El reconocimiento de toda esta actividad de investigaci\u00f3n se ha formalizado con el reconocimiento por parte de la Generalitat de Catalunya del Grupo de Investigaci\u00f3n Consolidado \u201cDerecho penal y nuevas tendencias de pol\u00edtica criminal\u201d.\u00a0Forma parte del Grupo de Estudios y de Investigaci\u00f3n (CER) \u201cDones i Drets\u201d, de la Facultad de Derecho de la Universidad Aut\u00f3noma de Barcelona.<\/p>\n<p><a href=\"mailto:mariajose.cuenca@uab.cat\">Mariajose.Cuenca@uab.cat<\/a><\/p>\n<\/div><\/section>\n","protected":false},"excerpt":{"rendered":"","protected":false},"author":4,"featured_media":3610,"parent":0,"menu_order":0,"comment_status":"closed","ping_status":"closed","template":"","meta":{"footnotes":""},"class_list":["post-3643","page","type-page","status-publish","has-post-thumbnail","hentry"],"_links":{"self":[{"href":"https:\/\/dretpenal.uab.cat\/index.php\/wp-json\/wp\/v2\/pages\/3643","targetHints":{"allow":["GET"]}}],"collection":[{"href":"https:\/\/dretpenal.uab.cat\/index.php\/wp-json\/wp\/v2\/pages"}],"about":[{"href":"https:\/\/dretpenal.uab.cat\/index.php\/wp-json\/wp\/v2\/types\/page"}],"author":[{"embeddable":true,"href":"https:\/\/dretpenal.uab.cat\/index.php\/wp-json\/wp\/v2\/users\/4"}],"replies":[{"embeddable":true,"href":"https:\/\/dretpenal.uab.cat\/index.php\/wp-json\/wp\/v2\/comments?post=3643"}],"version-history":[{"count":12,"href":"https:\/\/dretpenal.uab.cat\/index.php\/wp-json\/wp\/v2\/pages\/3643\/revisions"}],"predecessor-version":[{"id":4559,"href":"https:\/\/dretpenal.uab.cat\/index.php\/wp-json\/wp\/v2\/pages\/3643\/revisions\/4559"}],"wp:featuredmedia":[{"embeddable":true,"href":"https:\/\/dretpenal.uab.cat\/index.php\/wp-json\/wp\/v2\/media\/3610"}],"wp:attachment":[{"href":"https:\/\/dretpenal.uab.cat\/index.php\/wp-json\/wp\/v2\/media?parent=3643"}],"curies":[{"name":"wp","href":"https:\/\/api.w.org\/{rel}","templated":true}]}}

María José Cuenca García

<div id='layer_slider_1'  class='avia-layerslider main_color avia-shadow  avia-builder-el-0  el_before_av_heading  avia-builder-el-first  container_wrap sidebar_right'  style='height: 171px; max-width: 1000px; margin: 0 auto;'  ></div><div id='after_layer_slider_1'  class='main_color av_default_container_wrap container_wrap sidebar_right'  ><div class='container av-section-cont-open' ><div class='template-page content  av-content-small alpha units'><div class='post-entry post-entry-type-page post-entry-3643'><div class='entry-content-wrapper clearfix'>

<style type="text/css" data-created_by="avia_inline_auto" id="style-css-av-av_heading-bf0b4a5f958f13990c5f514e6e23b37e">
#top .av-special-heading.av-av_heading-bf0b4a5f958f13990c5f514e6e23b37e{
padding-bottom:10px;
}
body .av-special-heading.av-av_heading-bf0b4a5f958f13990c5f514e6e23b37e .av-special-heading-tag .heading-char{
font-size:25px;
}
.av-special-heading.av-av_heading-bf0b4a5f958f13990c5f514e6e23b37e .av-subheading{
font-size:15px;
}
</style>
<div  class='av-special-heading av-av_heading-bf0b4a5f958f13990c5f514e6e23b37e av-special-heading-h3  avia-builder-el-1  el_after_av_layerslider  el_before_av_textblock  avia-builder-el-first '><h3 class='av-special-heading-tag'  itemprop="headline"  >María José Cuenca García</h3><div class="special-heading-border"><div class="special-heading-inner-border"></div></div></div>
<section  class='av_textblock_section av-av_textblock-0366cc7376be6c9e82a3e9cc8987b64f'  itemscope="itemscope" itemtype="https://schema.org/CreativeWork" ><div class='avia_textblock'  itemprop="text" ><p>Doctorada en Derecho por la Universidad Autónoma de Barcelona (UAB) con una tesis sobre “Los comportamientos desleales de abogado y procurador” (2002). Realiza labores docentes, de investigación y de gestión en la UAB, desde 1993. En la actualidad ocupa la plaza de profesora agregada de derecho penal. En sus investigaciones, la mayoría de ellas adscritas a proyectos I+D+I, se ha centrado en el estudio de la violencia en el ámbito familiar, prostitución, delitos patrimoniales, la criminalidad organizada, la siniestralidad laboral, delitos contra la vida y la responsabilidad de los partidos políticos. En su carrera ha publicado 1 libro, 11 artículos en revistas especializadas y 9 capítulos de libro. Tiene reconocidos dos sexenios de investigación por la “Agència per a la Qualitat del Sistema Universitari de Catalunya” (AQU). El reconocimiento de toda esta actividad de investigación se ha formalizado con el reconocimiento por parte de la Generalitat de Catalunya del Grupo de Investigación Consolidado “Derecho penal y nuevas tendencias de política criminal”. Forma parte del Grupo de Estudios y de Investigación (CER) “Dones i Drets”, de la Facultad de Derecho de la Universidad Autónoma de Barcelona.</p>
<p><a href="mailto:mariajose.cuenca@uab.cat">Mariajose.Cuenca@uab.cat</a></p>
</div></section>
