{"id":1195,"date":"2013-04-05T16:38:18","date_gmt":"2013-04-05T16:38:18","guid":{"rendered":"http:\/\/www.kriesi.at\/themes\/enfold\/?page_id=1195"},"modified":"2026-03-02T08:43:23","modified_gmt":"2026-03-02T08:43:23","slug":"presentacio","status":"publish","type":"page","link":"https:\/\/dretpenal.uab.cat\/index.php\/presentacio\/","title":{"rendered":"Presentaci\u00f3"},"content":{"rendered":"<div id='layer_slider_1'  class='avia-layerslider main_color avia-shadow  avia-builder-el-0  el_before_av_slideshow_full  avia-builder-el-first  container_wrap sidebar_right'  style='height: 171px; max-width: 1000px; margin: 0 auto;'  ><\/div>\n<div id='full_slider_1'  class='avia-fullwidth-slider main_color avia-shadow   avia-builder-el-1  el_after_av_layerslider  el_before_av_heading   slider-not-first container_wrap sidebar_right'  ><\/div><div id='after_full_slider_1'  class='main_color av_default_container_wrap container_wrap sidebar_right'  ><div class='container av-section-cont-open' ><div class='template-page content  av-content-small alpha units'><div class='post-entry post-entry-type-page post-entry-1195'><div class='entry-content-wrapper clearfix'>\n\n<style type=\"text\/css\" data-created_by=\"avia_inline_auto\" id=\"style-css-av-47uuh7-eeb32f963dd4031f08061d8b7447d8bf\">\n#top .av-special-heading.av-47uuh7-eeb32f963dd4031f08061d8b7447d8bf{\npadding-bottom:10px;\n}\nbody .av-special-heading.av-47uuh7-eeb32f963dd4031f08061d8b7447d8bf .av-special-heading-tag .heading-char{\nfont-size:25px;\n}\n.av-special-heading.av-47uuh7-eeb32f963dd4031f08061d8b7447d8bf .av-subheading{\nfont-size:15px;\n}\n<\/style>\n<div  class='av-special-heading av-47uuh7-eeb32f963dd4031f08061d8b7447d8bf av-special-heading-h3 meta-heading  avia-builder-el-2  el_after_av_slideshow_full  el_before_av_textblock  avia-builder-el-first '><h3 class='av-special-heading-tag'  itemprop=\"headline\"  >Presentaci\u00f3<\/h3><div class=\"special-heading-border\"><div class=\"special-heading-inner-border\"><\/div><\/div><\/div>\n<section  class='av_textblock_section av-2ckfor-90636aab56f028c5c6e4649e68443438'  itemscope=\"itemscope\" itemtype=\"https:\/\/schema.org\/CreativeWork\" ><div class='avia_textblock'  itemprop=\"text\" ><p>El GReDP [Grup de recerca consolidat en \u201cDret penal i noves tend\u00e8ncies de la pol\u00edtica criminal\u201d] ve treballant conjuntament des de finals dels anys 1990 sota la direcci\u00f3 de la Dra. Mercedes Garc\u00eda Ar\u00e1n. Des del seu inici ha centrat la seva recerca en l\u2019an\u00e0lisi de les noves tend\u00e8ncies del dret penal i la pol\u00edtica criminal contempor\u00e0nia, el que li ha perm\u00e8s ser referent en tem\u00e0tiques com els \u201c<em>Delictes contra la administraci\u00f3 p\u00fablica i la lluita contra la corrupci\u00f3<\/em>\u201d; el \u201c<em>Dret penal del risc i la delinq\u00fc\u00e8ncia tecnol\u00f2gica<\/em>\u201d; el \u201c<em>Dret penal securitari i la petita delinq\u00fc\u00e8ncia reincident o la delinq\u00fc\u00e8ncia sexual greu<\/em>\u201d; la prevenci\u00f3 i sanci\u00f3 de la \u201c<em>Delinq\u00fc\u00e8ncia econ\u00f2mica<\/em>\u201d; aix\u00ed com la influ\u00e8ncia dels \u201c<em>mitjans de comunicaci\u00f3 en la presa de decisions pol\u00edtico-criminals<\/em>\u201d, la \u201c<em>Responsabilitat penal i pol\u00edtica dels partits pol\u00edtics\u201d<\/em>. Actualment, la seva activitat de recerca es centra principalment en la \u201c<em>la responsabilitat penal del sector p\u00fablic empresarial<\/em>\u201d en col.laboraci\u00f3 amb l\u2019Oficina Antifrau de Catalunya.<\/p>\n<p>Durant aquest per\u00edode el grup ha gestionat o participat en un total de 33 projectes de recerca competitius tant estatals com auton\u00f2mics i europeus, ha dirigit un total de 34 tesis doctorals i ha publicat m\u00e9s de 120 articles en revistes indexades, m\u00e9s de 70 cap\u00edtols de llibre i m\u00e9s de 20 monografies. La seva activitat de recerca li ha merescut el reconeixement com a Grup de recerca consolidat per part de la Generalitat de Catalunya en les convocat\u00f2ries 2014-2016; 2017-2021 i 2022-2024.<\/p>\n<p>L\u2019especialitzaci\u00f3 dels seus membres tamb\u00e9 li ha perm\u00e8s formar part del quadre docent de m\u00e0sters i postgraus especialitzats d\u2019abast nacional i internacional. Entre els primers, la participaci\u00f3 en el \u201cMaster oficial de derecho empresarial\u201d de la UAB, en el \u201cMaster de dret animal\u201d de la UAB, en el \u201cMaster en Derecho ambiental\u201d de la Universidad Internacional de Andaluc\u00eda o el \u201cMaster en Govern Local\u201d organitzat per l\u2019Associaci\u00f3 Catalana de Municipis en col.laboraci\u00f3 amb la UAB i la URV. Entre els masters i postgraus internacionals, destaquem la participaci\u00f3 al \u201cPosgrado en Criminalidad econ\u00f3mica\u201d de la Universidad Nacional de Mar del Plata (Argentina). El Grup tamb\u00e9 ha desenvolupat una important tasca d\u2019assessorament expert a organismes nacionals i estrangers. En aquest darrer aspecte, el Grup compta amb la col\u00b7laboraci\u00f3 de l\u2019 Institut de Dret i Tecnologia per tal de poder comptar amb la perspectiva multidisciplinar i els recursos t\u00e8cnics que es requereixen.<\/p>\n<\/div><\/section>\n","protected":false},"excerpt":{"rendered":"","protected":false},"author":4,"featured_media":0,"parent":0,"menu_order":0,"comment_status":"open","ping_status":"open","template":"","meta":{"footnotes":""},"class_list":["post-1195","page","type-page","status-publish","hentry"],"_links":{"self":[{"href":"https:\/\/dretpenal.uab.cat\/index.php\/wp-json\/wp\/v2\/pages\/1195","targetHints":{"allow":["GET"]}}],"collection":[{"href":"https:\/\/dretpenal.uab.cat\/index.php\/wp-json\/wp\/v2\/pages"}],"about":[{"href":"https:\/\/dretpenal.uab.cat\/index.php\/wp-json\/wp\/v2\/types\/page"}],"author":[{"embeddable":true,"href":"https:\/\/dretpenal.uab.cat\/index.php\/wp-json\/wp\/v2\/users\/4"}],"replies":[{"embeddable":true,"href":"https:\/\/dretpenal.uab.cat\/index.php\/wp-json\/wp\/v2\/comments?post=1195"}],"version-history":[{"count":33,"href":"https:\/\/dretpenal.uab.cat\/index.php\/wp-json\/wp\/v2\/pages\/1195\/revisions"}],"predecessor-version":[{"id":5270,"href":"https:\/\/dretpenal.uab.cat\/index.php\/wp-json\/wp\/v2\/pages\/1195\/revisions\/5270"}],"wp:attachment":[{"href":"https:\/\/dretpenal.uab.cat\/index.php\/wp-json\/wp\/v2\/media?parent=1195"}],"curies":[{"name":"wp","href":"https:\/\/api.w.org\/{rel}","templated":true}]}}

Presentació

<div id='layer_slider_1'  class='avia-layerslider main_color avia-shadow  avia-builder-el-0  el_before_av_slideshow_full  avia-builder-el-first  container_wrap sidebar_right'  style='height: 171px; max-width: 1000px; margin: 0 auto;'  ></div>
<div id='full_slider_1'  class='avia-fullwidth-slider main_color avia-shadow   avia-builder-el-1  el_after_av_layerslider  el_before_av_heading   slider-not-first container_wrap sidebar_right'  ></div><div id='after_full_slider_1'  class='main_color av_default_container_wrap container_wrap sidebar_right'  ><div class='container av-section-cont-open' ><div class='template-page content  av-content-small alpha units'><div class='post-entry post-entry-type-page post-entry-1195'><div class='entry-content-wrapper clearfix'>

<style type="text/css" data-created_by="avia_inline_auto" id="style-css-av-47uuh7-eeb32f963dd4031f08061d8b7447d8bf">
#top .av-special-heading.av-47uuh7-eeb32f963dd4031f08061d8b7447d8bf{
padding-bottom:10px;
}
body .av-special-heading.av-47uuh7-eeb32f963dd4031f08061d8b7447d8bf .av-special-heading-tag .heading-char{
font-size:25px;
}
.av-special-heading.av-47uuh7-eeb32f963dd4031f08061d8b7447d8bf .av-subheading{
font-size:15px;
}
</style>
<div  class='av-special-heading av-47uuh7-eeb32f963dd4031f08061d8b7447d8bf av-special-heading-h3 meta-heading  avia-builder-el-2  el_after_av_slideshow_full  el_before_av_textblock  avia-builder-el-first '><h3 class='av-special-heading-tag'  itemprop="headline"  >Presentació</h3><div class="special-heading-border"><div class="special-heading-inner-border"></div></div></div>
<section  class='av_textblock_section av-2ckfor-90636aab56f028c5c6e4649e68443438'  itemscope="itemscope" itemtype="https://schema.org/CreativeWork" ><div class='avia_textblock'  itemprop="text" ><p>El GReDP [Grup de recerca consolidat en “Dret penal i noves tendències de la política criminal”] ve treballant conjuntament des de finals dels anys 1990 sota la direcció de la Dra. Mercedes García Arán. Des del seu inici ha centrat la seva recerca en l’anàlisi de les noves tendències del dret penal i la política criminal contemporània, el que li ha permès ser referent en temàtiques com els “<em>Delictes contra la administració pública i la lluita contra la corrupció</em>”; el “<em>Dret penal del risc i la delinqüència tecnològica</em>”; el “<em>Dret penal securitari i la petita delinqüència reincident o la delinqüència sexual greu</em>”; la prevenció i sanció de la “<em>Delinqüència econòmica</em>”; així com la influència dels “<em>mitjans de comunicació en la presa de decisions político-criminals</em>”, la “<em>Responsabilitat penal i política dels partits polítics”</em>. Actualment, la seva activitat de recerca es centra principalment en la “<em>la responsabilitat penal del sector públic empresarial</em>” en col.laboració amb l’Oficina Antifrau de Catalunya.</p>
<p>Durant aquest període el grup ha gestionat o participat en un total de 33 projectes de recerca competitius tant estatals com autonòmics i europeus, ha dirigit un total de 34 tesis doctorals i ha publicat més de 120 articles en revistes indexades, més de 70 capítols de llibre i més de 20 monografies. La seva activitat de recerca li ha merescut el reconeixement com a Grup de recerca consolidat per part de la Generalitat de Catalunya en les convocatòries 2014-2016; 2017-2021 i 2022-2024.</p>
<p>L’especialització dels seus membres també li ha permès formar part del quadre docent de màsters i postgraus especialitzats d’abast nacional i internacional. Entre els primers, la participació en el “Master oficial de derecho empresarial” de la UAB, en el “Master de dret animal” de la UAB, en el “Master en Derecho ambiental” de la Universidad Internacional de Andalucía o el “Master en Govern Local” organitzat per l’Associació Catalana de Municipis en col.laboració amb la UAB i la URV. Entre els masters i postgraus internacionals, destaquem la participació al “Posgrado en Criminalidad económica” de la Universidad Nacional de Mar del Plata (Argentina). El Grup també ha desenvolupat una important tasca d’assessorament expert a organismes nacionals i estrangers. En aquest darrer aspecte, el Grup compta amb la col·laboració de l’ Institut de Dret i Tecnologia per tal de poder comptar amb la perspectiva multidisciplinar i els recursos tècnics que es requereixen.</p>
</div></section>
