{"id":4260,"date":"2017-12-01T14:38:02","date_gmt":"2017-12-01T14:38:02","guid":{"rendered":"http:\/\/dretpenal.uab.cat\/?page_id=4260"},"modified":"2017-12-01T14:49:18","modified_gmt":"2017-12-01T14:49:18","slug":"arxiu-crimimedia","status":"publish","type":"page","link":"https:\/\/dretpenal.uab.cat\/en\/index.php\/arxiu-crimimedia\/","title":{"rendered":"Arxiu Crimimedia"},"content":{"rendered":"<div id='layer_slider_1'  class='avia-layerslider main_color avia-shadow  avia-builder-el-0  el_before_av_slideshow_full  avia-builder-el-first  container_wrap sidebar_right'  style='height: 171px; max-width: 1000px; margin: 0 auto;'  ><\/div>\n<div id='full_slider_1'  class='avia-fullwidth-slider main_color avia-shadow   avia-builder-el-1  el_after_av_layerslider  el_before_av_heading   slider-not-first container_wrap sidebar_right'  ><\/div><div id='after_full_slider_1'  class='main_color av_default_container_wrap container_wrap sidebar_right'  ><div class='container av-section-cont-open' ><div class='template-page content  av-content-small alpha units'><div class='post-entry post-entry-type-page post-entry-4260'><div class='entry-content-wrapper clearfix'>\n\n<style type=\"text\/css\" data-created_by=\"avia_inline_auto\" id=\"style-css-av-av_heading-a904233e8a245e6f7d072ac193648e14\">\n#top .av-special-heading.av-av_heading-a904233e8a245e6f7d072ac193648e14{\npadding-bottom:10px;\n}\nbody .av-special-heading.av-av_heading-a904233e8a245e6f7d072ac193648e14 .av-special-heading-tag .heading-char{\nfont-size:25px;\n}\n.av-special-heading.av-av_heading-a904233e8a245e6f7d072ac193648e14 .av-subheading{\nfont-size:15px;\n}\n<\/style>\n<div  class='av-special-heading av-av_heading-a904233e8a245e6f7d072ac193648e14 av-special-heading-h3 meta-heading  avia-builder-el-2  el_after_av_slideshow_full  el_before_av_one_half  avia-builder-el-first '><h3 class='av-special-heading-tag'  itemprop=\"headline\"  >Arxiu Crimimedia<\/h3><div class=\"special-heading-border\"><div class=\"special-heading-inner-border\"><\/div><\/div><\/div>\n\n<style type=\"text\/css\" data-created_by=\"avia_inline_auto\" id=\"style-css-av-av_one_half-6126cab7d8fab8d08143dd2dacdf673c\">\n.flex_column.av-av_one_half-6126cab7d8fab8d08143dd2dacdf673c{\nborder-radius:0px 0px 0px 0px;\n-webkit-border-radius:0px 0px 0px 0px;\n-moz-border-radius:0px 0px 0px 0px;\n}\n<\/style>\n<div class='flex_column av-av_one_half-6126cab7d8fab8d08143dd2dacdf673c av_one_half  avia-builder-el-3  el_after_av_heading  el_before_av_one_half  first flex_column_div av-zero-column-padding '   ><section  class='av_textblock_section av-av_textblock-0366cc7376be6c9e82a3e9cc8987b64f'  itemscope=\"itemscope\" itemtype=\"https:\/\/schema.org\/CreativeWork\" ><div class='avia_textblock'  itemprop=\"text\" ><p>\u201c<em>Crimimedia\u201d<\/em>, Grup de recerca en Premsa i Dret penal, va ser una iniciativa desenvolupada per especialistes de dret penal, ci\u00e8ncia pol\u00edtica i ci\u00e8ncies de la comunicaci\u00f3 de la Universitat Aut\u00f2noma de Barcelona. La p\u00e0gina web pretenia oferir un instrument per seguir i comentar el tractament medi\u00e0tic d\u2019informacions que poguessin tenir rellev\u00e0ncia per afavorir o legitimar les l\u00ednies d\u2019una pol\u00edtica criminal que avui es troba massa condicionada pels mitjans de comunicaci\u00f3. Preten\u00edem aix\u00ed contribuir al debat racional sobre la criminalitat, basat en informacions veraces i objectives, per\u00f2 tamb\u00e9 respectuoses amb els principis b\u00e0sics del dret penal democr\u00e0tic.<\/p>\n<\/div><\/section><\/div>\n\n<style type=\"text\/css\" data-created_by=\"avia_inline_auto\" id=\"style-css-av-av_one_half-0aa7055fe62c3622faec82866afbaeb2\">\n.flex_column.av-av_one_half-0aa7055fe62c3622faec82866afbaeb2{\nborder-radius:0px 0px 0px 0px;\n-webkit-border-radius:0px 0px 0px 0px;\n-moz-border-radius:0px 0px 0px 0px;\n}\n<\/style>\n<div class='flex_column av-av_one_half-0aa7055fe62c3622faec82866afbaeb2 av_one_half  avia-builder-el-5  el_after_av_one_half  avia-builder-el-last  flex_column_div av-zero-column-padding '   ><p>\n<style type=\"text\/css\" data-created_by=\"avia_inline_auto\" id=\"style-css-av-av_image-77b665ee2890171711cab62f09a12a31\">\n.avia-image-container.av-av_image-77b665ee2890171711cab62f09a12a31 .av-image-caption-overlay-center{\ncolor:#ffffff;\n}\n<\/style>\n<div  class='avia-image-container av-av_image-77b665ee2890171711cab62f09a12a31 av-styling- avia-align-center  avia-builder-el-6  el_before_av_textblock  avia-builder-el-first '  itemprop=\"image\" itemscope=\"itemscope\" itemtype=\"https:\/\/schema.org\/ImageObject\" ><div class=\"avia-image-container-inner\"><div class=\"avia-image-overlay-wrap\"><img decoding=\"async\" class='wp-image-4266 avia-img-lazy-loading-not-4266 avia_image' src=\"https:\/\/dretpenal.uab.cat\/wp-content\/uploads\/2017\/12\/Crimimedia-300x65.jpg\" alt='' title='Crimimedia'  height=\"65\" width=\"300\"  itemprop=\"thumbnailUrl\" srcset=\"https:\/\/dretpenal.uab.cat\/wp-content\/uploads\/2017\/12\/Crimimedia-300x65.jpg 300w, https:\/\/dretpenal.uab.cat\/wp-content\/uploads\/2017\/12\/Crimimedia-450x98.jpg 450w, https:\/\/dretpenal.uab.cat\/wp-content\/uploads\/2017\/12\/Crimimedia.jpg 468w\" sizes=\"(max-width: 300px) 100vw, 300px\" \/><\/div><\/div><\/div><br \/>\n<section  class='av_textblock_section av-av_textblock-0366cc7376be6c9e82a3e9cc8987b64f'  itemscope=\"itemscope\" itemtype=\"https:\/\/schema.org\/CreativeWork\" ><div class='avia_textblock'  itemprop=\"text\" ><h3><\/h3>\n<h3><\/h3>\n<h3 style=\"text-align: center;\"><a href=\"http:\/\/dretpenal.uab.cat\/index.php\/llistat-arxiu-crimimedia\/\"><strong>Llistat d&#8217;articles<\/strong><\/a><\/h3>\n<\/div><\/section><\/p><\/div>\n","protected":false},"excerpt":{"rendered":"","protected":false},"author":4,"featured_media":0,"parent":0,"menu_order":0,"comment_status":"open","ping_status":"open","template":"","meta":{"footnotes":""},"class_list":["post-4260","page","type-page","status-publish","hentry"],"_links":{"self":[{"href":"https:\/\/dretpenal.uab.cat\/en\/index.php\/wp-json\/wp\/v2\/pages\/4260","targetHints":{"allow":["GET"]}}],"collection":[{"href":"https:\/\/dretpenal.uab.cat\/en\/index.php\/wp-json\/wp\/v2\/pages"}],"about":[{"href":"https:\/\/dretpenal.uab.cat\/en\/index.php\/wp-json\/wp\/v2\/types\/page"}],"author":[{"embeddable":true,"href":"https:\/\/dretpenal.uab.cat\/en\/index.php\/wp-json\/wp\/v2\/users\/4"}],"replies":[{"embeddable":true,"href":"https:\/\/dretpenal.uab.cat\/en\/index.php\/wp-json\/wp\/v2\/comments?post=4260"}],"version-history":[{"count":14,"href":"https:\/\/dretpenal.uab.cat\/en\/index.php\/wp-json\/wp\/v2\/pages\/4260\/revisions"}],"predecessor-version":[{"id":4282,"href":"https:\/\/dretpenal.uab.cat\/en\/index.php\/wp-json\/wp\/v2\/pages\/4260\/revisions\/4282"}],"wp:attachment":[{"href":"https:\/\/dretpenal.uab.cat\/en\/index.php\/wp-json\/wp\/v2\/media?parent=4260"}],"curies":[{"name":"wp","href":"https:\/\/api.w.org\/{rel}","templated":true}]}}

<div id='layer_slider_1'  class='avia-layerslider main_color avia-shadow  avia-builder-el-0  el_before_av_slideshow_full  avia-builder-el-first  container_wrap sidebar_right'  style='height: 171px; max-width: 1000px; margin: 0 auto;'  ></div>
<div id='full_slider_1'  class='avia-fullwidth-slider main_color avia-shadow   avia-builder-el-1  el_after_av_layerslider  el_before_av_heading   slider-not-first container_wrap sidebar_right'  ></div><div id='after_full_slider_1'  class='main_color av_default_container_wrap container_wrap sidebar_right'  ><div class='container av-section-cont-open' ><div class='template-page content  av-content-small alpha units'><div class='post-entry post-entry-type-page post-entry-4260'><div class='entry-content-wrapper clearfix'>

<style type="text/css" data-created_by="avia_inline_auto" id="style-css-av-av_heading-a904233e8a245e6f7d072ac193648e14">
#top .av-special-heading.av-av_heading-a904233e8a245e6f7d072ac193648e14{
padding-bottom:10px;
}
body .av-special-heading.av-av_heading-a904233e8a245e6f7d072ac193648e14 .av-special-heading-tag .heading-char{
font-size:25px;
}
.av-special-heading.av-av_heading-a904233e8a245e6f7d072ac193648e14 .av-subheading{
font-size:15px;
}
</style>
<div  class='av-special-heading av-av_heading-a904233e8a245e6f7d072ac193648e14 av-special-heading-h3 meta-heading  avia-builder-el-2  el_after_av_slideshow_full  el_before_av_one_half  avia-builder-el-first '><h3 class='av-special-heading-tag'  itemprop="headline"  >Arxiu Crimimedia</h3><div class="special-heading-border"><div class="special-heading-inner-border"></div></div></div>

<style type="text/css" data-created_by="avia_inline_auto" id="style-css-av-av_one_half-6126cab7d8fab8d08143dd2dacdf673c">
.flex_column.av-av_one_half-6126cab7d8fab8d08143dd2dacdf673c{
border-radius:0px 0px 0px 0px;
-webkit-border-radius:0px 0px 0px 0px;
-moz-border-radius:0px 0px 0px 0px;
}
</style>
<div class='flex_column av-av_one_half-6126cab7d8fab8d08143dd2dacdf673c av_one_half  avia-builder-el-3  el_after_av_heading  el_before_av_one_half  first flex_column_div av-zero-column-padding '   ><section  class='av_textblock_section av-av_textblock-0366cc7376be6c9e82a3e9cc8987b64f'  itemscope="itemscope" itemtype="https://schema.org/CreativeWork" ><div class='avia_textblock'  itemprop="text" ><p>“<em>Crimimedia”</em>, Grup de recerca en Premsa i Dret penal, va ser una iniciativa desenvolupada per especialistes de dret penal, ciència política i ciències de la comunicació de la Universitat Autònoma de Barcelona. La pàgina web pretenia oferir un instrument per seguir i comentar el tractament mediàtic d’informacions que poguessin tenir rellevància per afavorir o legitimar les línies d’una política criminal que avui es troba massa condicionada pels mitjans de comunicació. Preteníem així contribuir al debat racional sobre la criminalitat, basat en informacions veraces i objectives, però també respectuoses amb els principis bàsics del dret penal democràtic.</p>
</div></section></div>

<style type="text/css" data-created_by="avia_inline_auto" id="style-css-av-av_one_half-0aa7055fe62c3622faec82866afbaeb2">
.flex_column.av-av_one_half-0aa7055fe62c3622faec82866afbaeb2{
border-radius:0px 0px 0px 0px;
-webkit-border-radius:0px 0px 0px 0px;
-moz-border-radius:0px 0px 0px 0px;
}
</style>
<div class='flex_column av-av_one_half-0aa7055fe62c3622faec82866afbaeb2 av_one_half  avia-builder-el-5  el_after_av_one_half  avia-builder-el-last  flex_column_div av-zero-column-padding '   ><p>
<style type="text/css" data-created_by="avia_inline_auto" id="style-css-av-av_image-77b665ee2890171711cab62f09a12a31">
.avia-image-container.av-av_image-77b665ee2890171711cab62f09a12a31 .av-image-caption-overlay-center{
color:#ffffff;
}
</style>
<div  class='avia-image-container av-av_image-77b665ee2890171711cab62f09a12a31 av-styling- avia-align-center  avia-builder-el-6  el_before_av_textblock  avia-builder-el-first '  itemprop="image" itemscope="itemscope" itemtype="https://schema.org/ImageObject" ><div class="avia-image-container-inner"><div class="avia-image-overlay-wrap"><img decoding="async" class='wp-image-4266 avia-img-lazy-loading-not-4266 avia_image' src="https://dretpenal.uab.cat/wp-content/uploads/2017/12/Crimimedia-300x65.jpg" alt='' title='Crimimedia'  height="65" width="300"  itemprop="thumbnailUrl" srcset="https://dretpenal.uab.cat/wp-content/uploads/2017/12/Crimimedia-300x65.jpg 300w, https://dretpenal.uab.cat/wp-content/uploads/2017/12/Crimimedia-450x98.jpg 450w, https://dretpenal.uab.cat/wp-content/uploads/2017/12/Crimimedia.jpg 468w" sizes="(max-width: 300px) 100vw, 300px" /></div></div></div><br />
<section  class='av_textblock_section av-av_textblock-0366cc7376be6c9e82a3e9cc8987b64f'  itemscope="itemscope" itemtype="https://schema.org/CreativeWork" ><div class='avia_textblock'  itemprop="text" ><h3></h3>
<h3></h3>
<h3 style="text-align: center;"><a href="http://dretpenal.uab.cat/index.php/llistat-arxiu-crimimedia/"><strong>Llistat d&#8217;articles</strong></a></h3>
</div></section></p></div>
