{"id":3622,"date":"2016-11-04T10:18:08","date_gmt":"2016-11-04T10:18:08","guid":{"rendered":"http:\/\/158.109.137.58\/criminologia2\/?page_id=3622"},"modified":"2025-01-07T08:07:57","modified_gmt":"2025-01-07T08:07:57","slug":"miriam-cugat-mauri","status":"publish","type":"page","link":"https:\/\/dretpenal.uab.cat\/en\/index.php\/miriam-cugat-mauri\/","title":{"rendered":"Miriam Cugat Mauri"},"content":{"rendered":"<div id='layer_slider_1'  class='avia-layerslider main_color avia-shadow  avia-builder-el-0  el_before_av_heading  avia-builder-el-first  container_wrap sidebar_right'  style='height: 171px; max-width: 1000px; margin: 0 auto;'  ><\/div><div id='after_layer_slider_1'  class='main_color av_default_container_wrap container_wrap sidebar_right'  ><div class='container av-section-cont-open' ><div class='template-page content  av-content-small alpha units'><div class='post-entry post-entry-type-page post-entry-3622'><div class='entry-content-wrapper clearfix'>\n\n<style type=\"text\/css\" data-created_by=\"avia_inline_auto\" id=\"style-css-av-4j2pdy-21e8f8c24f9bca8b7ef0fce108084e36\">\n#top .av-special-heading.av-4j2pdy-21e8f8c24f9bca8b7ef0fce108084e36{\npadding-bottom:10px;\n}\nbody .av-special-heading.av-4j2pdy-21e8f8c24f9bca8b7ef0fce108084e36 .av-special-heading-tag .heading-char{\nfont-size:25px;\n}\n.av-special-heading.av-4j2pdy-21e8f8c24f9bca8b7ef0fce108084e36 .av-subheading{\nfont-size:15px;\n}\n<\/style>\n<div  class='av-special-heading av-4j2pdy-21e8f8c24f9bca8b7ef0fce108084e36 av-special-heading-h3  avia-builder-el-1  el_after_av_layerslider  el_before_av_textblock  avia-builder-el-first '><h3 class='av-special-heading-tag'  itemprop=\"headline\"  >Miriam Cugat Mauri<\/h3><div class=\"special-heading-border\"><div class=\"special-heading-inner-border\"><\/div><\/div><\/div>\n<section  class='av_textblock_section av-2cxzo6-47a7baf544ca8932309b9f8e7d2a72b3'  itemscope=\"itemscope\" itemtype=\"https:\/\/schema.org\/CreativeWork\" ><div class='avia_textblock'  itemprop=\"text\" ><p>Miriam Cugat Mauri es Catedr\u00e1tica de Derecho penal en la Universidad Aut\u00f3noma de Barcelona.<\/p>\n<p>Entre 2007 y 2011 desempe\u00f1\u00f3 la funci\u00f3n jurisdiccional como Magistrada (suplente) de la Audiencia Provincial de Barcelona, y entre 2014 y 2024 dirigi\u00f3 el Servicio de Estudios y Dict\u00e1menes Jur\u00eddicos de la Facultad de Derecho de la UAB.<\/p>\n<p>Ha sido investigadora visitante de las universidades de Saarbr\u00fccken (Alemania), Bolonia (Italia), Freiburg (Alemania), T\u00fcbingen (Alemania), Par\u00eds II (Francia), Utrecht (Holanda) y Modena e Reggio Emilia (Italia), y profesora invitada de numerosas universidades espa\u00f1olas y extranjeras, entre las que se encuentran las de Salamanca, Granada, Sevilla, Valencia, Santiago de Compostela, Bilbao, Par\u00eds, Roma, Bolonia, Trento, Bogot\u00e1, Buenos Aires o Santiago de Chile.<\/p>\n<p>Ha participado en una decena de proyectos de investigaci\u00f3n, nacionales e internacionales, de los que ha sido investigadora principal de dos: uno auton\u00f3mico sobre \u201c<em>V\u00edas de actuaci\u00f3n contra la delincuencia menor masiva<\/em>\u201d, financiado por el Instituto de Seguridad p\u00fablica de Catalu\u00f1a (2010); y un i+d+i nacional sobre \u201c<em>La prevenci\u00f3n de la corrupci\u00f3n en el sector p\u00fablico empresarial<\/em>\u201d, financiado por la AEI\/Ministerio de ciencia, innovaci\u00f3n y universidades (2021-2024).<\/p>\n<p>Cuenta con un centenar de publicaciones sobre multiplicidad de temas de la parte general y especial del Derecho penal, entre las que destacan sus monograf\u00edas sobre: <em>La desviaci\u00f3n del inter\u00e9s general y el tr\u00e1fico de influencias<\/em> (1997), <em>Sectas y Sectarios ante el Derecho Penal<\/em> (2010) y <em>La peque\u00f1a delincuencia<\/em> (2015), as\u00ed como sus contribuciones a los <em>Comentarios al C\u00f3digo Penal<\/em>, parte especial y general (2011 y 2004, respectivamente) dirigidos por los Profs. C\u00f3rdoba Roda y Garc\u00eda Ar\u00e1n.<\/p>\n<p><a href=\"https:\/\/www.coursera.org\/learn\/corporate-governance-mitos-realidades\" target=\"_blank\" rel=\"noopener\">Coursera<\/a><\/p>\n<p><a href=\"mailto:miriam.cugat@uab.cat\">Miriam.Cugat@uab.cat<\/a><\/p>\n<\/div><\/section>\n","protected":false},"excerpt":{"rendered":"","protected":false},"author":4,"featured_media":3610,"parent":0,"menu_order":0,"comment_status":"closed","ping_status":"closed","template":"","meta":{"footnotes":""},"class_list":["post-3622","page","type-page","status-publish","has-post-thumbnail","hentry"],"_links":{"self":[{"href":"https:\/\/dretpenal.uab.cat\/en\/index.php\/wp-json\/wp\/v2\/pages\/3622","targetHints":{"allow":["GET"]}}],"collection":[{"href":"https:\/\/dretpenal.uab.cat\/en\/index.php\/wp-json\/wp\/v2\/pages"}],"about":[{"href":"https:\/\/dretpenal.uab.cat\/en\/index.php\/wp-json\/wp\/v2\/types\/page"}],"author":[{"embeddable":true,"href":"https:\/\/dretpenal.uab.cat\/en\/index.php\/wp-json\/wp\/v2\/users\/4"}],"replies":[{"embeddable":true,"href":"https:\/\/dretpenal.uab.cat\/en\/index.php\/wp-json\/wp\/v2\/comments?post=3622"}],"version-history":[{"count":12,"href":"https:\/\/dretpenal.uab.cat\/en\/index.php\/wp-json\/wp\/v2\/pages\/3622\/revisions"}],"predecessor-version":[{"id":5163,"href":"https:\/\/dretpenal.uab.cat\/en\/index.php\/wp-json\/wp\/v2\/pages\/3622\/revisions\/5163"}],"wp:featuredmedia":[{"embeddable":true,"href":"https:\/\/dretpenal.uab.cat\/en\/index.php\/wp-json\/wp\/v2\/media\/3610"}],"wp:attachment":[{"href":"https:\/\/dretpenal.uab.cat\/en\/index.php\/wp-json\/wp\/v2\/media?parent=3622"}],"curies":[{"name":"wp","href":"https:\/\/api.w.org\/{rel}","templated":true}]}}

<div id='layer_slider_1'  class='avia-layerslider main_color avia-shadow  avia-builder-el-0  el_before_av_heading  avia-builder-el-first  container_wrap sidebar_right'  style='height: 171px; max-width: 1000px; margin: 0 auto;'  ></div><div id='after_layer_slider_1'  class='main_color av_default_container_wrap container_wrap sidebar_right'  ><div class='container av-section-cont-open' ><div class='template-page content  av-content-small alpha units'><div class='post-entry post-entry-type-page post-entry-3622'><div class='entry-content-wrapper clearfix'>

<style type="text/css" data-created_by="avia_inline_auto" id="style-css-av-4j2pdy-21e8f8c24f9bca8b7ef0fce108084e36">
#top .av-special-heading.av-4j2pdy-21e8f8c24f9bca8b7ef0fce108084e36{
padding-bottom:10px;
}
body .av-special-heading.av-4j2pdy-21e8f8c24f9bca8b7ef0fce108084e36 .av-special-heading-tag .heading-char{
font-size:25px;
}
.av-special-heading.av-4j2pdy-21e8f8c24f9bca8b7ef0fce108084e36 .av-subheading{
font-size:15px;
}
</style>
<div  class='av-special-heading av-4j2pdy-21e8f8c24f9bca8b7ef0fce108084e36 av-special-heading-h3  avia-builder-el-1  el_after_av_layerslider  el_before_av_textblock  avia-builder-el-first '><h3 class='av-special-heading-tag'  itemprop="headline"  >Miriam Cugat Mauri</h3><div class="special-heading-border"><div class="special-heading-inner-border"></div></div></div>
<section  class='av_textblock_section av-2cxzo6-47a7baf544ca8932309b9f8e7d2a72b3'  itemscope="itemscope" itemtype="https://schema.org/CreativeWork" ><div class='avia_textblock'  itemprop="text" ><p>Miriam Cugat Mauri es Catedrática de Derecho penal en la Universidad Autónoma de Barcelona.</p>
<p>Entre 2007 y 2011 desempeñó la función jurisdiccional como Magistrada (suplente) de la Audiencia Provincial de Barcelona, y entre 2014 y 2024 dirigió el Servicio de Estudios y Dictámenes Jurídicos de la Facultad de Derecho de la UAB.</p>
<p>Ha sido investigadora visitante de las universidades de Saarbrücken (Alemania), Bolonia (Italia), Freiburg (Alemania), Tübingen (Alemania), París II (Francia), Utrecht (Holanda) y Modena e Reggio Emilia (Italia), y profesora invitada de numerosas universidades españolas y extranjeras, entre las que se encuentran las de Salamanca, Granada, Sevilla, Valencia, Santiago de Compostela, Bilbao, París, Roma, Bolonia, Trento, Bogotá, Buenos Aires o Santiago de Chile.</p>
<p>Ha participado en una decena de proyectos de investigación, nacionales e internacionales, de los que ha sido investigadora principal de dos: uno autonómico sobre “<em>Vías de actuación contra la delincuencia menor masiva</em>”, financiado por el Instituto de Seguridad pública de Cataluña (2010); y un i+d+i nacional sobre “<em>La prevención de la corrupción en el sector público empresarial</em>”, financiado por la AEI/Ministerio de ciencia, innovación y universidades (2021-2024).</p>
<p>Cuenta con un centenar de publicaciones sobre multiplicidad de temas de la parte general y especial del Derecho penal, entre las que destacan sus monografías sobre: <em>La desviación del interés general y el tráfico de influencias</em> (1997), <em>Sectas y Sectarios ante el Derecho Penal</em> (2010) y <em>La pequeña delincuencia</em> (2015), así como sus contribuciones a los <em>Comentarios al Código Penal</em>, parte especial y general (2011 y 2004, respectivamente) dirigidos por los Profs. Córdoba Roda y García Arán.</p>
<p><a href="https://www.coursera.org/learn/corporate-governance-mitos-realidades" target="_blank" rel="noopener">Coursera</a></p>
<p><a href="mailto:miriam.cugat@uab.cat">Miriam.Cugat@uab.cat</a></p>
</div></section>
